{"id":9104,"date":"2023-03-21T20:00:20","date_gmt":"2023-03-21T20:00:20","guid":{"rendered":"http:\/\/bioplagas.srtv.cl\/?page_id=9104"},"modified":"2024-11-12T10:41:24","modified_gmt":"2024-11-12T13:41:24","slug":"empresa","status":"publish","type":"page","link":"https:\/\/hidroter.cl\/index.php\/empresa\/","title":{"rendered":"Empresa"},"content":{"rendered":"<section class=\"l-section wpb_row us_custom_d8bbff3d height_custom\"><div class=\"l-section-h i-cf\"><div class=\"g-cols vc_row via_grid cols_1 laptops-cols_inherit tablets-cols_inherit mobiles-cols_1 valign_top type_default stacking_default\"><div class=\"wpb_column vc_column_container\"><div class=\"vc_column-inner\"><div class=\"g-cols wpb_row us_custom_4fb9e5a3 via_grid cols_1 laptops-cols_inherit tablets-cols_inherit mobiles-cols_1 valign_top type_default stacking_default\" style=\"--gap:3rem;\"><div class=\"wpb_column vc_column_container\"><div class=\"vc_column-inner\"><div class=\"w-separator size_small\"><\/div><\/div><\/div><\/div><div class=\"g-cols wpb_row us_custom_04f73a3e via_grid cols_2 laptops-cols_inherit tablets-cols_inherit mobiles-cols_1 valign_top type_default stacking_default\" style=\"--gap:3rem;\"><div class=\"wpb_column vc_column_container\"><div class=\"vc_column-inner\"><div class=\"w-image us_custom_5c4d1344 align_none\"><div class=\"w-image-h\"><img decoding=\"async\" width=\"600\" height=\"600\" src=\"https:\/\/hidroter.cl\/wp-content\/uploads\/2024\/11\/neve-marketing-agency-10.jpg\" class=\"attachment-full size-full\" alt=\"\" loading=\"lazy\" srcset=\"https:\/\/hidroter.cl\/wp-content\/uploads\/2024\/11\/neve-marketing-agency-10.jpg 600w, https:\/\/hidroter.cl\/wp-content\/uploads\/2024\/11\/neve-marketing-agency-10-300x300.jpg 300w, https:\/\/hidroter.cl\/wp-content\/uploads\/2024\/11\/neve-marketing-agency-10-150x150.jpg 150w\" sizes=\"(max-width: 600px) 100vw, 600px\" \/><\/div><\/div><\/div><\/div><div class=\"wpb_column vc_column_container\"><div class=\"vc_column-inner\"><h2 class=\"w-text us_custom_58b1af09\"><span class=\"w-text-h\"><span class=\"w-text-value\">Nuestra Historia<\/span><\/span><\/h2><div class=\"wpb_text_column us_custom_33dfc940\"><div class=\"wpb_wrapper\"><p class=\"has-text-align-center has-ast-global-color-3-color has-text-color\" style=\"text-align: center;\">Comenz\u00f3 con el firme prop\u00f3sito de expandir nuestras \u00e1reas de negocio, proporcionando a nuestros clientes una gama m\u00e1s amplia de productos y servicios que respondieran a sus crecientes necesidades.<\/p>\n<p class=\"has-text-align-center has-ast-global-color-3-color has-text-color\" style=\"text-align: center;\">Con una vasta experiencia en el rubro, hemos evolucionado hacia la distribuci\u00f3n de maquinaria hidr\u00e1ulica, complementando nuestra oferta con un enfoque en innovaci\u00f3n y eficiencia.\u2028\u2028Nuestra sede principal est\u00e1 ubicada en Eliodoro Ya\u00f1ez #1568, comuna de Providencia, Santiago.<\/p>\n<p class=\"has-text-align-center has-ast-global-color-3-color has-text-color\" style=\"text-align: center;\">Contamos con una cobertura a nivel nacional, llegando a todos los rincones de Chile con despachos r\u00e1pidos y eficientes.<\/p>\n<\/div><\/div><\/div><\/div><\/div><div class=\"g-cols wpb_row us_custom_4513657d via_grid cols_1 laptops-cols_inherit tablets-cols_inherit mobiles-cols_1 valign_top type_default stacking_default\" style=\"--gap:3rem;\"><div class=\"wpb_column vc_column_container\"><div class=\"vc_column-inner\"><div class=\"w-separator size_large\"><\/div><\/div><\/div><\/div><div class=\"g-cols wpb_row us_custom_04f73a3e via_grid cols_2 laptops-cols_inherit tablets-cols_inherit mobiles-cols_1 valign_top type_default stacking_default\" style=\"--gap:3rem;\"><div class=\"wpb_column vc_column_container\"><div class=\"vc_column-inner\"><h2 class=\"w-text us_custom_58b1af09\"><span class=\"w-text-h\"><span class=\"w-text-value\">Equipo de trabajo<\/span><\/span><\/h2><div class=\"wpb_text_column us_custom_33dfc940\"><div class=\"wpb_wrapper\"><p class=\"has-ast-global-color-3-color has-text-color\">Nuestro equipo est\u00e1 formado por 6 profesionales altamente capacitados, con m\u00e1s de 11 a\u00f1os de experiencia en el sector hidr\u00e1ulico. Contamos con ingenieros especializados en diversas ramas, lo que nos permite ofrecer soluciones t\u00e9cnicas de primera calidad y un servicio integral que responde a las necesidades de nuestros clientes con precisi\u00f3n y eficiencia.<\/p>\n<\/div><\/div><div class=\"wpb_text_column us_custom_33dfc940 hide_on_mobiles\"><div class=\"wpb_wrapper\"><p class=\"has-text-align-center has-ast-global-color-3-color has-text-color\" style=\"text-align: center;\">Nos diferenciamos por brindar un servicio al cliente altamente eficiente y personalizado, respondiendo con rapidez y precisi\u00f3n a cada solicitud. Nuestro equipo de expertos en maquinaria hidr\u00e1ulica est\u00e1 disponible para ofrecer asesoramiento t\u00e9cnico especializado, garantizando soluciones inmediatas y efectivas. Contamos con procesos optimizados que nos permiten asegurar entregas puntuales y un seguimiento constante, contribuyendo as\u00ed al \u00e9xito de cada proyecto.<\/p>\n<\/div><\/div><\/div><\/div><div class=\"wpb_column vc_column_container\"><div class=\"vc_column-inner\"><div class=\"w-image us_custom_5c4d1344 align_none\"><div class=\"w-image-h\"><img decoding=\"async\" width=\"600\" height=\"600\" src=\"https:\/\/hidroter.cl\/wp-content\/uploads\/2024\/11\/image.jpeg\" class=\"attachment-full size-full\" alt=\"\" loading=\"lazy\" srcset=\"https:\/\/hidroter.cl\/wp-content\/uploads\/2024\/11\/image.jpeg 600w, https:\/\/hidroter.cl\/wp-content\/uploads\/2024\/11\/image-300x300.jpeg 300w, https:\/\/hidroter.cl\/wp-content\/uploads\/2024\/11\/image-150x150.jpeg 150w\" sizes=\"(max-width: 600px) 100vw, 600px\" \/><\/div><\/div><\/div><\/div><\/div><div class=\"g-cols wpb_row us_custom_4fb9e5a3 via_grid cols_1 laptops-cols_inherit tablets-cols_inherit mobiles-cols_1 valign_top type_default stacking_default\" style=\"--gap:3rem;\"><div class=\"wpb_column vc_column_container\"><div class=\"vc_column-inner\"><div class=\"w-separator size_medium\"><\/div><\/div><\/div><\/div><div class=\"g-cols wpb_row us_custom_8c9c656d via_grid cols_2 laptops-cols_inherit tablets-cols_inherit mobiles-cols_1 valign_middle type_default stacking_default\" style=\"--gap:3rem;\"><div class=\"wpb_column vc_column_container\"><div class=\"vc_column-inner\"><div class=\"w-separator size_huge\"><\/div><h2 class=\"w-text us_custom_7b1c4c92 has_text_color\"><span class=\"w-text-h\"><span class=\"w-text-value\">Misi\u00f3n<\/span><\/span><\/h2><div class=\"wpb_text_column us_custom_475bedb7 has_text_color\"><div class=\"wpb_wrapper\"><p style=\"text-align: center;\">Proveer soluciones hidr\u00e1ulicas de alta calidad y eficiencia, comprometidos con la innovaci\u00f3n tecnol\u00f3gica y el servicio excepcional, para satisfacer las necesidades de nuestros clientes en sectores industriales, agr\u00edcolas y de construcci\u00f3n, fomentando relaciones a largo plazo basadas en confianza y resultados.<\/p>\n<\/div><\/div><div class=\"w-separator size_huge\"><\/div><\/div><\/div><div class=\"wpb_column vc_column_container\"><div class=\"vc_column-inner\"><div class=\"w-separator size_huge\"><\/div><h2 class=\"w-text us_custom_7b1c4c92 has_text_color\"><span class=\"w-text-h\"><span class=\"w-text-value\">Visi\u00f3n<\/span><\/span><\/h2><div class=\"wpb_text_column us_custom_475bedb7 has_text_color\"><div class=\"wpb_wrapper\"><p style=\"text-align: center;\">Ser la empresa l\u00edder en distribuci\u00f3n de maquinaria hidr\u00e1ulica en el pa\u00eds, reconocida por nuestra capacidad de anticipar las demandas del mercado y ofrecer productos sostenibles que impulsen el desarrollo industrial, agr\u00edcola y de infraestructura, contribuyendo al crecimiento econ\u00f3mico y la preservaci\u00f3n ambiental.<\/p>\n<\/div><\/div><div class=\"w-separator size_huge\"><\/div><\/div><\/div><\/div><\/div><\/div><\/div><\/div><\/section>\n","protected":false},"excerpt":{"rendered":"Nuestra HistoriaComenz\u00f3 con el firme prop\u00f3sito de expandir nuestras \u00e1reas de negocio, proporcionando a nuestros clientes una gama m\u00e1s amplia de productos y servicios que respondieran a sus crecientes necesidades. Con una vasta experiencia en el rubro, hemos evolucionado hacia la distribuci\u00f3n de maquinaria hidr\u00e1ulica, complementando nuestra oferta con un enfoque en innovaci\u00f3n y eficiencia.\u2028\u2028Nuestra...","protected":false},"author":3,"featured_media":0,"parent":0,"menu_order":0,"comment_status":"closed","ping_status":"closed","template":"","meta":{"footnotes":""},"class_list":["post-9104","page","type-page","status-publish","hentry"],"yoast_head":"<!-- This site is optimized with the Yoast SEO plugin v24.0 - https:\/\/yoast.com\/wordpress\/plugins\/seo\/ -->\n<title>Empresa - Hidroter<\/title>\n<meta name=\"robots\" content=\"noindex, follow, max-snippet:-1, max-image-preview:large, max-video-preview:-1\" \/>\n<meta property=\"og:locale\" content=\"es_ES\" \/>\n<meta property=\"og:type\" content=\"article\" \/>\n<meta property=\"og:title\" content=\"Empresa - Hidroter\" \/>\n<meta property=\"og:url\" content=\"https:\/\/hidroter.cl\/index.php\/empresa\/\" \/>\n<meta property=\"og:site_name\" content=\"Hidroter\" \/>\n<meta property=\"article:publisher\" content=\"https:\/\/www.facebook.com\/share\/1KKf8JpMVS\/?mibextid=LQQJ4d\" \/>\n<meta property=\"article:modified_time\" content=\"2024-11-12T13:41:24+00:00\" \/>\n<meta name=\"twitter:card\" content=\"summary_large_image\" \/>\n<meta name=\"twitter:label1\" content=\"Tiempo de lectura\" \/>\n\t<meta name=\"twitter:data1\" content=\"5 minutos\" \/>\n<script type=\"application\/ld+json\" class=\"yoast-schema-graph\">{\"@context\":\"https:\/\/schema.org\",\"@graph\":[{\"@type\":\"WebPage\",\"@id\":\"https:\/\/hidroter.cl\/index.php\/empresa\/\",\"url\":\"https:\/\/hidroter.cl\/index.php\/empresa\/\",\"name\":\"Empresa - Hidroter\",\"isPartOf\":{\"@id\":\"https:\/\/hidroter.cl\/#website\"},\"datePublished\":\"2023-03-21T20:00:20+00:00\",\"dateModified\":\"2024-11-12T13:41:24+00:00\",\"breadcrumb\":{\"@id\":\"https:\/\/hidroter.cl\/index.php\/empresa\/#breadcrumb\"},\"inLanguage\":\"es\",\"potentialAction\":[{\"@type\":\"ReadAction\",\"target\":[\"https:\/\/hidroter.cl\/index.php\/empresa\/\"]}]},{\"@type\":\"BreadcrumbList\",\"@id\":\"https:\/\/hidroter.cl\/index.php\/empresa\/#breadcrumb\",\"itemListElement\":[{\"@type\":\"ListItem\",\"position\":1,\"name\":\"Portada\",\"item\":\"https:\/\/hidroter.cl\/\"},{\"@type\":\"ListItem\",\"position\":2,\"name\":\"Empresa\"}]},{\"@type\":\"WebSite\",\"@id\":\"https:\/\/hidroter.cl\/#website\",\"url\":\"https:\/\/hidroter.cl\/\",\"name\":\"Hidroter\",\"description\":\"Venta de Bombas Hidr\u00e1ulicas, Mantenciones Hidr\u00e1ulicas, Potabilizaci\u00f3n, Sala de Agua Potable, Piscinas, Planta de Tratamientos de Aguas Servidas, Proyectos Hidr\u00e1ulicos, Optimizaci\u00f3n de Procesos, Monitoreo y An\u00e1lisis de Agua, Asesor\u00eda Hidr\u00e1ulica, Instalaciones, Sellado y Pintura de Estanques, Remodelaciones, Habilitaciones, Reparaciones, Sistemas Hidr\u00e1ulicos, Techumbres, Estructuras Met\u00e1licas, Alba\u00f1iler\u00eda, Pintura, Luminarias LED Industriales, Luminarias LED para Oficinas, Instalaciones de Luminarias LED, Proyectos de Iluminaci\u00f3n LED, Contratos de Mantenimiento, Mantenimiento Correctivo, Preventivo y Predictivo, Iluminaci\u00f3n, Gasfiter\u00eda, Tableros El\u00e9ctricos, Motores\/Bombas\",\"publisher\":{\"@id\":\"https:\/\/hidroter.cl\/#organization\"},\"potentialAction\":[{\"@type\":\"SearchAction\",\"target\":{\"@type\":\"EntryPoint\",\"urlTemplate\":\"https:\/\/hidroter.cl\/?s={search_term_string}\"},\"query-input\":{\"@type\":\"PropertyValueSpecification\",\"valueRequired\":true,\"valueName\":\"search_term_string\"}}],\"inLanguage\":\"es\"},{\"@type\":\"Organization\",\"@id\":\"https:\/\/hidroter.cl\/#organization\",\"name\":\"Hidroter\",\"url\":\"https:\/\/hidroter.cl\/\",\"logo\":{\"@type\":\"ImageObject\",\"inLanguage\":\"es\",\"@id\":\"https:\/\/hidroter.cl\/#\/schema\/logo\/image\/\",\"url\":\"https:\/\/hidroter.cl\/wp-content\/uploads\/2017\/07\/logo.webp\",\"contentUrl\":\"https:\/\/hidroter.cl\/wp-content\/uploads\/2017\/07\/logo.webp\",\"width\":251,\"height\":48,\"caption\":\"Hidroter\"},\"image\":{\"@id\":\"https:\/\/hidroter.cl\/#\/schema\/logo\/image\/\"},\"sameAs\":[\"https:\/\/www.facebook.com\/share\/1KKf8JpMVS\/?mibextid=LQQJ4d\",\"https:\/\/www.instagram.com\/hidroter.cl\"]}]}<\/script>\n<!-- \/ Yoast SEO plugin. -->","yoast_head_json":{"title":"Empresa - Hidroter","robots":{"index":"noindex","follow":"follow","max-snippet":"max-snippet:-1","max-image-preview":"max-image-preview:large","max-video-preview":"max-video-preview:-1"},"og_locale":"es_ES","og_type":"article","og_title":"Empresa - Hidroter","og_url":"https:\/\/hidroter.cl\/index.php\/empresa\/","og_site_name":"Hidroter","article_publisher":"https:\/\/www.facebook.com\/share\/1KKf8JpMVS\/?mibextid=LQQJ4d","article_modified_time":"2024-11-12T13:41:24+00:00","twitter_card":"summary_large_image","twitter_misc":{"Tiempo de lectura":"5 minutos"},"schema":{"@context":"https:\/\/schema.org","@graph":[{"@type":"WebPage","@id":"https:\/\/hidroter.cl\/index.php\/empresa\/","url":"https:\/\/hidroter.cl\/index.php\/empresa\/","name":"Empresa - Hidroter","isPartOf":{"@id":"https:\/\/hidroter.cl\/#website"},"datePublished":"2023-03-21T20:00:20+00:00","dateModified":"2024-11-12T13:41:24+00:00","breadcrumb":{"@id":"https:\/\/hidroter.cl\/index.php\/empresa\/#breadcrumb"},"inLanguage":"es","potentialAction":[{"@type":"ReadAction","target":["https:\/\/hidroter.cl\/index.php\/empresa\/"]}]},{"@type":"BreadcrumbList","@id":"https:\/\/hidroter.cl\/index.php\/empresa\/#breadcrumb","itemListElement":[{"@type":"ListItem","position":1,"name":"Portada","item":"https:\/\/hidroter.cl\/"},{"@type":"ListItem","position":2,"name":"Empresa"}]},{"@type":"WebSite","@id":"https:\/\/hidroter.cl\/#website","url":"https:\/\/hidroter.cl\/","name":"Hidroter","description":"Venta de Bombas Hidr\u00e1ulicas, Mantenciones Hidr\u00e1ulicas, Potabilizaci\u00f3n, Sala de Agua Potable, Piscinas, Planta de Tratamientos de Aguas Servidas, Proyectos Hidr\u00e1ulicos, Optimizaci\u00f3n de Procesos, Monitoreo y An\u00e1lisis de Agua, Asesor\u00eda Hidr\u00e1ulica, Instalaciones, Sellado y Pintura de Estanques, Remodelaciones, Habilitaciones, Reparaciones, Sistemas Hidr\u00e1ulicos, Techumbres, Estructuras Met\u00e1licas, Alba\u00f1iler\u00eda, Pintura, Luminarias LED Industriales, Luminarias LED para Oficinas, Instalaciones de Luminarias LED, Proyectos de Iluminaci\u00f3n LED, Contratos de Mantenimiento, Mantenimiento Correctivo, Preventivo y Predictivo, Iluminaci\u00f3n, Gasfiter\u00eda, Tableros El\u00e9ctricos, Motores\/Bombas","publisher":{"@id":"https:\/\/hidroter.cl\/#organization"},"potentialAction":[{"@type":"SearchAction","target":{"@type":"EntryPoint","urlTemplate":"https:\/\/hidroter.cl\/?s={search_term_string}"},"query-input":{"@type":"PropertyValueSpecification","valueRequired":true,"valueName":"search_term_string"}}],"inLanguage":"es"},{"@type":"Organization","@id":"https:\/\/hidroter.cl\/#organization","name":"Hidroter","url":"https:\/\/hidroter.cl\/","logo":{"@type":"ImageObject","inLanguage":"es","@id":"https:\/\/hidroter.cl\/#\/schema\/logo\/image\/","url":"https:\/\/hidroter.cl\/wp-content\/uploads\/2017\/07\/logo.webp","contentUrl":"https:\/\/hidroter.cl\/wp-content\/uploads\/2017\/07\/logo.webp","width":251,"height":48,"caption":"Hidroter"},"image":{"@id":"https:\/\/hidroter.cl\/#\/schema\/logo\/image\/"},"sameAs":["https:\/\/www.facebook.com\/share\/1KKf8JpMVS\/?mibextid=LQQJ4d","https:\/\/www.instagram.com\/hidroter.cl"]}]}},"acf":[],"_links":{"self":[{"href":"https:\/\/hidroter.cl\/index.php\/wp-json\/wp\/v2\/pages\/9104","targetHints":{"allow":["GET"]}}],"collection":[{"href":"https:\/\/hidroter.cl\/index.php\/wp-json\/wp\/v2\/pages"}],"about":[{"href":"https:\/\/hidroter.cl\/index.php\/wp-json\/wp\/v2\/types\/page"}],"author":[{"embeddable":true,"href":"https:\/\/hidroter.cl\/index.php\/wp-json\/wp\/v2\/users\/3"}],"replies":[{"embeddable":true,"href":"https:\/\/hidroter.cl\/index.php\/wp-json\/wp\/v2\/comments?post=9104"}],"version-history":[{"count":40,"href":"https:\/\/hidroter.cl\/index.php\/wp-json\/wp\/v2\/pages\/9104\/revisions"}],"predecessor-version":[{"id":9381,"href":"https:\/\/hidroter.cl\/index.php\/wp-json\/wp\/v2\/pages\/9104\/revisions\/9381"}],"wp:attachment":[{"href":"https:\/\/hidroter.cl\/index.php\/wp-json\/wp\/v2\/media?parent=9104"}],"curies":[{"name":"wp","href":"https:\/\/api.w.org\/{rel}","templated":true}]}}